007)) a prime number?
True
Suppose 2*b - 53 = -5*w + 30, -10 = -2*w. Suppose 1425 = b*a - 24*a. Let z = 4 + a. Is z a prime number?
False
Let x(h) = -h**2 - 17*h + 5. Let o be x(-16). Suppose -o*q + 12*q = -10467. Is q composite?
False
Let g = 745606 + -447320. Is g prime?
False
Let h be 0*((30/25)/(-1) + 1). Suppose -14*d - 5*o + 29557 = -10*d, h = 2*d + 2*o - 14780. Is d composite?
False
Let w be (-5)/(-3)*102/85. Suppose 0 = -w*x + 3461 - 199. Is x composite?
True
Let y(i) = -i**2 + 30*i + 40. Let a be y(25). Suppose a + 25 = 2*b. Is b prime?
False
Let a = -44 + 61. Suppose -4*g - 5*s = 85, -a = 2*g + s + 30. Is 7/(35/g)*(-651 - 2) a prime number?
False
Suppose 5*x + 4 = 7*x. Suppose -x*n + 1006 = -3*p, n + 4*p + 296 = 788. Suppose 0 = -w + f + n, -3*w + f + f + 1499 = 0. Is w a prime number?
True
Let x = 173 + -173. Suppose x = 8*o + 8*o - 41136. Is o prime?
False
Is (-42291205)/(-253) - (-27)/(6831/22) a prime number?
True
Suppose -858*u + 853*u = 3*n - 3179020, 0 = -5*u - 2*n + 3179025. Is u a prime number?
False
Suppose 50641 = 4*y + 5*j, y - j - 12658 = -0*j. Is y a composite number?
False
Let z = 22004 + -10935. Suppose -4*u = -47289 + z. Is u a composite number?
True
Let o(c) = -c**3 - 64*c**2 - 78*c + 211. Is o(-68) a composite number?
True
Let r(b) = -b**3 - b**2 - 2*b + 17. Let f be r(-7). Suppose -15 + 27 = 3*w. Suppose -4*d + f = c, -5*d - 361 = -w*c + 3*c. Is c composite?
True
Suppose -4*k + 946 = 3*n - 2*k, k = 2*n - 633. Suppose n = r - 169. Is r prime?
False
Is (-1)/(-2)*2608600/100 composite?
False
Suppose 3*m - 2163 = -3*g, 2*g = -2*m + 4*m - 1446. Suppose w = z - 0*w - m, 5*w = -5*z + 3600. Is z a prime number?
False
Let j = 4099 + 2416. Suppose 4*l = j + 18121. Suppose 3*s + 0*s - l = 0. Is s a prime number?
True
Let d(c) = -c**3 - 43*c**2 + 26*c + 75. Let j be d(-48). Let p = -5644 + j. Is p composite?
False
Let r = 34 + -32. Suppose r*y + 44 = 2*j, 3*j - 5*y + 90 = 8*j. Suppose 356 = -16*g + j*g. Is g prime?
True
Let t = -310066 + 436583. Is t a composite number?
False
Suppose 19*t = 86978 + 71311. Let n = 14878 - t. Is n composite?
False
Suppose -111*q + 160 = -106*q. Suppose -q*u + 3518 = -30*u. Is u composite?
False
Let s = -245089 + 622420. Is s composite?
True
Let w(k) = -223*k**3 + k**2 + 20*k + 11. Is w(-3) prime?
True
Let c = 116 + -104. Suppose -x + c = -2821. Is x composite?
False
Let q = -16270 + 27807. Is q prime?
False
Suppose -117*z - 32 = -113*z. Is (z/6)/(-5 - (-137981)/27597) a composite number?
False
Let u = -54 + 104. Let g = -46 + u. Suppose g*j = 733 + 1191. Is j a prime number?
False
Suppose 24 = -2*r + 5*r. Let g be 967/((-4450)/(-5250) - (-8)/(-10)). Suppose -11*s + g = -r*s. Is s prime?
False
Let b(d) = d + 5. Let s be b(11). Suppose -a - 8 = -s. Let r(m) = m**2 + 8*m + 3. Is r(a) a prime number?
True
Let j = 137011 - -7534. Is j prime?
False
Let f = -2483 - -3974. Suppose -f - 1943 = -2*k. Is k prime?
False
Let i = -71 + 249. Suppose 4*l - 2*y = -5*y + 354, 2*y = -2*l + i. Is l composite?
True
Let l = -13706 + 61011. Is l prime?
False
Suppose -595777 = -11*p + 317388. Is p a prime number?
False
Let c be (24/(-3312)*-23)/((-1)/(-6)). Let d be (-1)/(-2)*(4 - 0). Is c/(d - 1)*43 prime?
True
Suppose 25*w - 31*w - 30 = 0. Let t be 1/(w/(5 - 16290)). Let r = t + -1663. Is r prime?
False
Suppose 2*o + 12 = -4*q + 148, 5*o = 5*q - 155. Let d = q + -27. Suppose -d*y - 207 + 1401 = 0. Is y a composite number?
False
Is 8666 - (14 + -17 + 6) a composite number?
False
Suppose -5 = -u - 2*t, 4*t - 5*t = 4*u - 13. Suppose -30549 = -5*g - 4*m, -3*g = u*m - 16110 - 2217. Is g a prime number?
True
Is 24/6*(0 - 508/(-16)) a prime number?
True
Suppose -39*v + 51976 = -607943. Is v a prime number?
True
Is 242/44 - 2084172/(-8) prime?
True
Let n = -10969 + 37770. Is n composite?
False
Let b be 100227/18 + (-2 - (-22)/12). Suppose 5*u + 14370 = 5*h, -2*u + 8816 = 5*h - b. Let k = 5625 - h. Is k a composite number?
False
Let s(q) = -5*q**3 - 1. Let k be s(-1). Suppose -k*g + 0*m + 2 = m, -10 = 5*m. Is (-25172)/(-35) - g/5 prime?
True
Let f(m) = 386*m**2 - m + 48. Let x be f(15). Suppose 6*n = 23265 + x. Suppose n - 3693 = 5*j. Is j a composite number?
True
Suppose -52 = 4*j - 4*w - 16, -4*j - 6 = 2*w. Let o be 1 + j/(16/(-195))*4. Is (o - 2)*2/(4/3) a prime number?
False
Let a(d) = -d**2 - 8*d + 5. Let x be a(-8). Let s be 1/((-1)/((-10)/x)). Suppose 267 + 155 = s*m. Is m composite?
False
Let d(y) = -y**3 - 2*y**2 + 5*y - 4. Let m be 12/8*8/1. Suppose m*z - 8*z + 20 = 0. Is d(z) prime?
False
Suppose 5*a = 58 + 7. Let o = a - 10. Suppose o*v = -l + 1000, -2*l = -3*v - 0*v - 2027. Is l a prime number?
True
Let y(v) = -v - 4. Let w be y(-9). Suppose 5*b - 3*g = -21969, w*b = 5*g - 0*g - 21975. Let n = -2311 - b. Is n prime?
True
Let z = -11498 - -36829. Is z a prime number?
False
Suppose 23*k - 2242846 = -418923. Is k a composite number?
False
Let l(m) = -m**3 + 27*m**2 - 14*m + 7. Let d = 180 + -166. Is l(d) prime?
False
Let c be (16 - 19) + (-1 - 14)/(-1). Suppose c*x + 119801 - 343205 = 0. Is x a composite number?
False
Let n(v) = -5632*v - 349. Is n(-4) a prime number?
False
Let n(r) = -26*r - 261. Let l be n(-28). Let k = -1247 - -3582. Suppose -l = -g + f, 2*g = -3*g - 3*f + k. Is g prime?
True
Is (18 - 6 - 63/9) + 585792 a composite number?
True
Let g(y) = -857*y + 2. Let k be g(-3). Suppose -3*o = -4*x + 10216, -3*o + k = x + o. Let h = x + 1930. Is h a prime number?
False
Let m = 1494244 + -300863. Is m composite?
True
Let r(m) = 700*m - 109. Is r(33) a composite number?
True
Let j(h) = -30 - 133*h + 13 + 2. Is j(-8) a prime number?
True
Let x(p) = -4031*p + 122. Let y be x(11). Let m = y - -73768. Is m a prime number?
False
Let z be ((-170)/(-4))/(5 + (-712)/144). Suppose -4*g + z = -119. Is g prime?
False
Let y = 2665 - 5949. Let r = 5737 + y. Is r composite?
True
Let o = 548 - 540. Is o/(-16) + (-22819)/(-2) composite?
True
Let b = 5287 - 5287. Suppose 21 - 5 = 4*m. Suppose b = -m*p + 5*u - u + 15176, -7591 = -2*p + 3*u. Is p a composite number?
True
Suppose 0 = -l - t + 173693, -683*t + 685*t + 694808 = 4*l. Is l a prime number?
True
Let l(r) = -44*r - 218. Let m be l(-5). Let f be (8/(-6))/(2/(-3)). Suppose w = f*p - 4*p + 310, -4*w = m*p - 1252. Is w composite?
True
Let f be 0*((-18)/4)/9. Suppose -s + 9*s + 32 = f. Is (12/s - 0) + 1804 composite?
False
Let y be 1797 + (-3)/(9/12) + 7. Suppose 2*z - 1804 = -4*w, -4*w - z = -0*z - y. Is w composite?
False
Suppose -43*l + 432323 = -4489070. Is l a composite number?
False
Suppose -373234 = 26*n - 2294868. Is n composite?
True
Let r(k) = k**3 + 36*k**2 - 78*k - 167. Is r(34) a prime number?
True
Suppose -5*f = -55 + 20. Let b(r) = 5*r**3 + 10*r**2 - 7*r + 17. Is b(f) a composite number?
True
Let o = 775 + 129. Suppose -4*c + 1744 = -o. Is c composite?
True
Suppose 4 - 424 = -2*z - 4*t, 0 = 3*z + 3*t - 642. Suppose -9*x + z = -16891. Is x a composite number?
False
Let d(q) = -q**3 + 12*q**2 - 7*q + 7. Let c be d(11). Let v = c + -55. Is (-1167)/v*140/21 a prime number?
False
Let n(g) = 7*g**2 + 70*g - 211. Let r be n(-50). Let m = 27018 - r. Is m prime?
True
Let j(t) = 12*t**2 - 9*t - 17. Let l(s) = 19*s - 16. Let d be l(0). Is j(d) composite?
True
Suppose -3*a - 5 = t, 8*a - 5*t = 13*a + 25. Suppose -130*c + 126*c + 21244 = a. Is c prime?
False
Let o = -30447 - -530390. Is o composite?
False
Let r(s) = -s - 8. Let h be r(-5). Let l be ((-1)/h)/(((-2)/18)/(-1)). Suppose -l*p + 2*o + 5708 = -433, 6144 = 3*p - 3*o. Is p composite?
True
Let z(r) = -r**3 + 20*r**2 + 14*r + 46. Let n be z(22). Let i be 1 + -1 + -4 + -1. Is (i/(-2) - 3)*n a prime number?
True
Suppose -75 = 57*l - 62*l. Suppose -233*d + l = -230*d. Suppose d*v - 2586 = -v. Is v composite?
False
Let k = -174332 + 622929. Is k a composite number?
False
Is (-11)/((-33)/(-3))*(0 + -416311) prime?
False
Suppose 0 = 35*v - 37328822 + 14777377. Is v prime?
True
Suppose -29*k = -746740 - 3039703. Is k a prime number?
False
Let m = -75641 + 156168. Is m a composite number?
False
Let h = 739624 - 457163. Is h prime?
True
Suppose 2*j - s = -17 + 19, 0 = -5*j + 2*s + 7. Suppose j*q = 4*o - 41933, 5*o - 3*o - 20994 = -4*q. Is o a composite number?
False
Let d = -14110 - -56227. Let l = d + -11062. Is l compo